et d be s(-4). Calculate the greatest common divisor of d and 66.
22
Let j(m) = m**2 - 4*m - 8. Let g be j(4). Let p be 12*(-12)/g + (-2 - -4). Calculate the highest common divisor of p and 50.
10
Let k(o) = -o. Let i be k(-2). Let x(t) = 2*t**2 - 4*t + 5. Let h be x(i). What is the greatest common factor of h and 35?
5
Suppose 7*n = 9*n - 154. Let s(b) = -b**2 - 8*b. Suppose 35 = -2*k - 3*k. Let d be s(k). Calculate the highest common divisor of n and d.
7
Let s = -13 + 16. Suppose 32 = 3*o + 4*l - s*l, 3*o - 2*l - 26 = 0. Calculate the highest common divisor of o and 110.
10
Let r = 940 - 608. Suppose 0 = -2*p + 2*a + r, 0 = 4*p - 2*a - 380 - 294. Let u be (38/(-4))/(1/(-2)). Calculate the highest common factor of u and p.
19
Let h be 3/9*57 + -4. Suppose -4*b + h = -4*f - 37, -4*f = 3*b - 39. Calculate the greatest common divisor of b and 143.
13
Let k be -3*(508/12)/1. Let l = 183 + k. What is the highest common divisor of l and 16?
8
Let a = 429 - 284. Let w = 95 + -37. What is the greatest common factor of a and w?
29
Let h(c) = c + 65. Let i be h(-25). Suppose -p = -0*p - 100. What is the highest common factor of i and p?
20
Let r(n) = -3*n + 1. Let k be r(-4). Let d = 10 - k. Let t be ((-10)/(-15))/((-1)/d). What is the greatest common factor of t and 14?
2
Let q(y) = 5 + 14*y - 24 - 19 - 6*y. Let m be q(8). Calculate the greatest common divisor of m and 208.
26
Suppose -38 = -k + 90. Let b = k + -118. What is the greatest common divisor of b and 10?
10
Suppose 14 = 10*o - 26. Suppose 0 = -o*p + 5*p - 5. Calculate the highest common factor of 40 and p.
5
Let u be ((-70)/4)/(1/(-2) + 0). Calculate the highest common divisor of u and 875.
35
Suppose 3*k = 5*u + 30, -2*u = 2*k + 2*k - 14. Suppose 198 = -k*q + 1283. Calculate the highest common divisor of 31 and q.
31
Let v(k) = -k**3 - 6*k**2 - 44. Let a be v(-7). What is the highest common factor of a and 20?
5
Let n(x) = -x**3 + 7*x + 1. Let v be n(-3). What is the highest common factor of v and 3?
1
Let t(o) be the third derivative of o**5/3 + o**4/24 - o**3/6 + 10*o**2. Let i be t(2). Calculate the highest common divisor of 9 and i.
9
Let z(g) = 4*g**2 + 7*g - 29. Let p be z(25). Suppose -v - p = -19*v. What is the highest common divisor of v and 42?
21
Let y be -1*18*(-1)/3. Let q = y + -1. Suppose 3*o = -3*g + 108 + 3, -2*g + 68 = -o. What is the greatest common divisor of g and q?
5
Let w(h) = 29*h + 44. Let r be w(22). What is the greatest common factor of r and 62?
62
Let g be (90/(-7))/(1035/(-126) + 8). Calculate the highest common factor of g and 480.
60
Let k = 191 - 70. Let y = 60 + 54. Let z be y/10 - (-10)/(-25). What is the greatest common factor of z and k?
11
Let s = 395 + -231. Calculate the greatest common divisor of 123 and s.
41
Let w(a) = 2*a**3 + 2*a**2 - 3*a. Let v be w(2). Suppose 108 = 5*y + v. What is the highest common factor of 144 and y?
18
Let d(f) = 9*f - 48. Let h be d(7). Suppose 0 = -4*b + 589 + 11. Calculate the highest common divisor of b and h.
15
Let t(v) = -4*v + 2. Let x be t(-1). Suppose 70 = -2*m + 28. Let o be (18/m)/(2/(-14)). Calculate the highest common divisor of o and x.
6
Let d(h) = -h**3 - 54*h**2 - 153*h + 111. Let k be d(-51). Suppose t = -0*t + 37. Calculate the greatest common factor of k and t.
37
Let r = 233 - 53. What is the greatest common divisor of 36 and r?
36
Suppose 9 = -3*t, -5*h - 4*t + 820 = -h. Let o = -93 + h. What is the highest common factor of 23 and o?
23
Let u(m) = -m**2 + 19*m - 60. Let b be u(12). Calculate the greatest common divisor of b and 324.
12
Let z be (-4)/10 - (-224)/10. Suppose -187 = -63*i - 61. What is the highest common factor of z and i?
2
Let c = -16 + 26. Let l be -1 - (-38 + -5 + 1). Suppose -2*z - 5*t = 3*z - 55, -4*z - t = -l. What is the greatest common divisor of z and c?
10
Let b(z) = 3*z**2 + 2. Suppose 2*y = 3 + 1. Let r be b(y). Suppose 34056 - 4866 = 225*m + 840. What is the greatest common divisor of m and r?
14
Let h be (138/(-14) + -3)/(12/(-224)). Calculate the greatest common factor of 15 and h.
15
Let r be (120/(-25))/(4/(-30)). Let l = r + -62. Let o be l/(-22) - (-8)/(-44). Calculate the greatest common divisor of o and 8.
1
Suppose 2*d + 62 = 4*m - 0*d, 4*m + 2*d - 58 = 0. Let t be 1/(-5) + -2 + 1652/35. Calculate the highest common divisor of t and m.
15
Suppose 72*t = 41*t + 12896. What is the greatest common divisor of t and 260?
52
Let b be 134*(2 - 1) + (-78 - -79). Suppose -3*v + 51 = -2*g, 0 = v + 3*v + 4*g - 48. Calculate the greatest common divisor of v and b.
15
Suppose -4*j - j - 5*w = -1390, -4*w = j - 293. Suppose -699 = -3*r + 3*t, t - j + 30 = -r. What is the highest common divisor of 34 and r?
34
Suppose -c + 2*b + b + 81 = 0, -3*c + 2*b = -264. Calculate the greatest common divisor of 36 and c.
18
Suppose 0 = 2*p - 0*p - 696. Suppose -5*w + p + 12 = 0. Let j be (-57)/190 + 558/60. Calculate the greatest common factor of j and w.
9
Let s(o) = -o - 42 - o + 0*o + 5*o. Let z be s(20). Calculate the greatest common factor of 72 and z.
18
Suppose -6 = m + m, t - 60 = 4*m. What is the highest common factor of t and 42?
6
Let y be 4/4*-1 + (1 - -91). Let l = 178 - y. Suppose 62 = 2*g + w, -5*g = w - 2*w - 141. Calculate the greatest common divisor of l and g.
29
Suppose 16 = 3*d + 5*u - 11, -18 = -2*d - u. Suppose -v - 3 + d = 0. Calculate the highest common divisor of v and 6.
6
Let w be (0 - (-16)/3)/(5/15). Suppose -18*p + w*p = -44. What is the greatest common factor of p and 55?
11
Let z(b) = -9*b**3 - b**2 - 2. Let f be z(-2). What is the greatest common divisor of 264 and f?
66
Let d = -106 - -26. Let f = d + 90. What is the greatest common factor of 2 and f?
2
Let n be (-1)/3*(-1 - 62). Let p(z) = -z**2 + 14*z - 4. Let o be p(14). Let x = 185 - o. Calculate the highest common factor of x and n.
21
Let a = -15 - -36. Let b be ((-46)/3)/((-2)/a). Suppose 2*s + 41 = b. Calculate the greatest common divisor of 15 and s.
15
Let q(f) = f**2 - 10*f + 6. Let c be q(11). Let b be 5/(-5)*c - 3. Let x be (-1)/(41/b + 2). Calculate the greatest common factor of x and 10.
10
Let f be (3 - 2)/((-2)/(-6)). Calculate the highest common divisor of 6 and f.
3
Suppose 12*r = r + 220. What is the greatest common divisor of r and 12?
4
Let k(u) = -2*u**3 + 92*u**2 + 19*u - 38. Let z be k(46). What is the highest common factor of 88 and z?
44
Suppose -c = -2*c - 4, 0 = -3*q - c + 788. Calculate the highest common factor of 110 and q.
22
Let n(i) = i**2 + 10*i + 7. Let t be n(-11). Suppose -2*a = 4*m + 11 + 15, a + 3*m = -t. Let r be 15 - 0/(a/1). What is the greatest common factor of 165 and r?
15
Suppose -20 = 19*w - 15*w. Let n(y) = -y**2 - 4*y + 14. Let b be n(w). Calculate the highest common factor of b and 45.
9
Suppose -4*q + 6*q = -80. Let m = q + 50. Calculate the greatest common factor of 25 and m.
5
Let n = -310 + 366. What is the highest common divisor of n and 154?
14
Let z be 15/(-3)*(-3)/5. Let y be (-352)/(-12) + 2/z. Let s be 14 + (-8 - (-12)/3). Calculate the highest common factor of y and s.
10
Suppose 851*v - 860*v + 1890 = 0. What is the greatest common factor of 150 and v?
30
Let u(j) = j**3 - 13*j**2 + 13*j - 1. Let d be u(12). Let t be 4/(-5) + (-1)/5. Let q be 1/2 - t/2. Calculate the highest common factor of d and q.
1
Let m = 89 - 89. Suppose m = -98*t + 99*t - 63. Let f = -27 - -48. Calculate the greatest common divisor of t and f.
21
Suppose -10*c + c = 0. Suppose c = 51*x - 46*x - 210. Let k(i) = i**3 - 5*i**2 - 4*i + 9. Let z be k(6). What is the greatest common factor of x and z?
21
Let d be 4/(-14) + (-18252)/(-182). What is the highest common divisor of d and 40?
20
Suppose -4*l - 2*x = -34, 2*l - x = 3*x + 12. Suppose 0 = 2*y - s - 69, 17*s - 185 = -5*y + 22*s. What is the greatest common divisor of y and l?
8
Let c(p) = p**3 - 16*p**2 + 15*p + 16. Let w(t) = t. Let i be w(15). Let g be c(i). What is the highest common factor of 16 and g?
16
Let k(h) be the second derivative of h**3/2 + 8*h**2 - 13*h. Let o be k(5). Calculate the highest common divisor of o and 217.
31
Suppose 0 = 2*a - 5*i - 1049, 2*a = a + 5*i + 537. What is the highest common factor of 64 and a?
64
Suppose -2*i + 46 = 3*y, 2*y = 6*y - 3*i - 33. Let c = 10626 - 10566. Calcu